45 = -105. What is the remainder when 115 is divided by g?
35
Let q = 0 + 0. Let p be (-3 - -4) + q + -1. Suppose 2*v - 2*a - 18 = p, -8 + 1 = -v + 2*a. What is the remainder when v is divided by 3?
2
Let l be -1 + 3 + -5 - -1. Let a(q) = 7*q**2 + 4*q + 2. What is the remainder when 41 is divided by a(l)?
19
Suppose 6*p = 3*p - 3*h + 30, -5*h + 22 = 3*p. What is the remainder when 55 is divided by p?
13
Suppose 132 - 962 = -5*j. What is the remainder when j is divided by 86?
80
Suppose 2*n + 2370 = 4*m, 7*m - 9*m = 5*n - 1191. What is the remainder when m is divided by 27?
26
Let r be 26/3 + (-13)/(-39). Let h = r + -4. Suppose h*f - 9 = 2*f. What is the remainder when f is divided by 3?
0
Calculate the remainder when 153 is divided by (2 + -44)*100/(-150).
13
Suppose -9*u + 8*u + 20 = 0. Suppose -2*f - u = -4*f. Let h = -12 - -31. Calculate the remainder when h is divided by f.
9
Let v = -310 + 648. Suppose 5*c + 3*n = 585 + 5, -3*c - 5*n + v = 0. What is the remainder when c is divided by 32?
25
What is the remainder when (-140)/(-14) + 69/1 is divided by 65?
14
Let p(s) = s**3 + 3*s**2 - s - 1. Suppose -5*g - 44 - 191 = 0. Let a = -43 - g. Calculate the remainder when a is divided by p(-3).
0
Let s be -2*4/20*(-96 + 1). Suppose 40*r - s*r = 46. What is the remainder when 88 is divided by r?
19
Let r = -508 - -511. What is the remainder when 11 is divided by r?
2
Let g(h) = -h**3 + 6*h + 5. Suppose 0 = -8*w + 5*w + 117. Calculate the remainder when w is divided by g(-3).
11
Let g(v) = -v**3 + 18*v**2 + 26*v - 29. Calculate the remainder when g(19) is divided by 56.
48
Let q = -111 + 126. Let a(v) = -v**2 - 6*v - 7. Let d be a(-5). What is the remainder when d + 21*12/9 is divided by q?
11
Suppose 2*k + 4 = 0, 4*k = w + 2 - 10. Let s(h) = h**2 + 13 - 2 + 2*h + 0*h - 3*h. What is the remainder when 52 is divided by s(w)?
8
Suppose -10*i + 221 = -409. Calculate the remainder when 314 is divided by i.
62
Let b(k) = 119*k**3 + 2*k**2 - 2*k + 1. What is the remainder when b(1) is divided by 16 + -18 - (-65)/5?
10
Let s = 1822 + -1793. Calculate the remainder when 1071 is divided by s.
27
Let p(s) = -2*s**3 - 105*s**2 - 56*s - 106. Calculate the remainder when p(-52) is divided by 35.
32
Let n be ((-19920)/(-84))/(6/21). What is the remainder when -2 + (-5)/(-2) + n/4 is divided by 15?
13
Let r be (-7)/21*9*-1. Let n(f) = -f + 1. Let l be n(r). Let b = l - -5. What is the remainder when 3 is divided by b?
0
Let k = 1514 - 1318. What is the remainder when k is divided by 47?
8
Suppose 2*d + 21 = g, 2*g - 3*d = -0*d + 41. Calculate the remainder when g is divided by (-210)/147*(-7)/2.
4
Suppose 5*f - 3*x = -70, -5*f = -0*f + 4*x + 105. Let i = f - -20. What is the remainder when 3 is divided by i?
0
Let o = 109 + -69. What is the remainder when 174560/1120 + (-18)/21 is divided by o?
35
Let p(o) = -3*o**3 + 4*o**2 + o - 4. Suppose -5*d - 8259 = -8404. Calculate the remainder when p(-3) is divided by d.
23
Let v = 1366 + -1341. Suppose -4*t - 47 = 37. Let l = 30 + t. Calculate the remainder when v is divided by l.
7
Let m = -353 - -479. What is the remainder when m is divided by 34?
24
Suppose 5*a - 5*i - 240 - 35 = 0, -4*i = -3*a + 170. Let g(k) = k**2 + 9*k - 95. What is the remainder when a is divided by g(-16)?
16
Let x = -76 + 136. What is the remainder when 21 is divided by x/(-25)*15/(-6)?
3
Let a(f) = f + 9. Let n be (-15)/(-6) + (-2)/4. Let l be n/(-7) + (-60)/(-14). Calculate the remainder when 48 is divided by a(l).
9
Suppose -13 - 7 = -5*w. Let u = 45 - -35. Suppose -w*z + u = z. What is the remainder when 78 is divided by z?
14
Let p(j) = 4*j**2 + 3*j. Let r be p(-2). What is the remainder when (-15)/r*(-276)/9 is divided by 24?
22
Suppose -7*p + 12 = -p. Let q(t) = 3*t**2 + 3*t**2 + 7*t**p + 8 - 3 - 5*t. Calculate the remainder when q(2) is divided by 13.
8
Suppose -4*r + 40 = 4*p, 5*p + 0*r - 68 = r. Suppose 3*b - 15 = 0, 3*q - 7*b + 3*b = p. Let i(a) = -a + 4. Calculate the remainder when q is divided by i(-3).
4
Suppose 3*y - 65 - 9 = -q, 2*q = -4*y + 158. Let s = 47 + -24. Calculate the remainder when q is divided by s.
20
Let p(o) = -o**2 - 4*o - 1. Let y be p(-2). Suppose -y*l - 2*l + 30 = 0. Calculate the remainder when l is divided by 2.
0
Let x be -30*80/(-15)*1. Let k = x + -69. What is the remainder when k is divided by 34?
23
Suppose -4*s + 19 = -5. Let n = -2 + s. Suppose -4*v - n*t + 77 + 27 = 0, -5*v = -2*t - 95. Calculate the remainder when 40 is divided by v.
19
Let z(h) = -h**3 - 7*h**2 + 41*h + 340. Calculate the remainder when z(-9) is divided by 13.
3
Suppose -9*v = -507 - 1734. Let a = v - 152. What is the remainder when a is divided by 3*-1*(-22)/2?
31
Suppose 24 = 2*h + 2*a, 29 + 16 = 4*h + 3*a. Let d = 46 - 37. Suppose -7*n - 88 = -d*n. Calculate the remainder when n is divided by h.
8
Suppose -3*g = 3*j + 153, 4*g + 2*j + 204 = -0*j. Let r = -32 - g. What is the remainder when 53 is divided by r?
15
Let b(p) be the second derivative of p**4/12 + p**3/6 - p**2/2 - p. Let w be b(-3). What is the remainder when (1*-4)/(w/(-20)) is divided by 6?
4
Let r(k) = k**3 + k**2 + k + 3. Let z be -2 + (4 - 0)/2. Let n be r(z). Calculate the remainder when 62 is divided by (-156)/(-8)*2/n.
10
Let q = -5 - -18. Let u be (2/4 - -2)/(1/2). Suppose 0*n - 54 = -x + n, -5*n + 230 = u*x. Calculate the remainder when x is divided by q.
11
Let h be -2*1 + 129 + -7. Let s = h - 68. Suppose 0 = r - 3*u - 47, 0 = -3*r - 4*u + s + 37. What is the remainder when r is divided by 18?
17
Suppose -3*g + 2*t = -63, -3*g + 5*g + 2*t = 42. Suppose 0*s + g = -3*s. What is the remainder when 33 is divided by (12/s)/(3/(-21))?
9
Suppose -r = -0*r + 6. Let i = 0 - r. Suppose 0*x - i = -3*m + 5*x, 2*x = -4*m + 8. Calculate the remainder when 4 is divided by m.
0
Let a = -480 - -484. Let c = 31 - 16. What is the remainder when c is divided by a?
3
Let d = 356 - 341. What is the remainder when 208 is divided by d?
13
Let t(n) = -n. Let v(b) = -b**3 + 3*b**2 + b - 3. Let a be v(-6). Calculate the remainder when (6/(-5))/((-18)/a) is divided by t(-6).
3
Let j = -17 - -9. Calculate the remainder when 79 is divided by (j + 2)/((-9)/30).
19
Let a be (-76)/(-2) + (-2)/(-1). Let m = a - 10. What is the remainder when 118 is divided by m?
28
Let u(z) = 3*z**2 + 61*z - 24. What is the remainder when u(-23) is divided by 54?
52
Let p(z) = z**2 + 16*z + 6. Suppose t + 5*a - 27 = 14, t = 5*a + 31. Suppose 3*w + 3*v = -t, 2*v - 15 = -v. What is the remainder when 67 is divided by p(w)?
21
Suppose l + 312 = 4*u, -5*u + 415 - 14 = -4*l. Calculate the remainder when u is divided by (2/(-10))/((-48)/1920).
5
Let t = 20 + -16. Suppose 0 = t*p - 30 + 2. Suppose r - 1 = 0, 0*l + 2*r = l - 23. What is the remainder when l is divided by p?
4
Let w be (-1 + -3 - 1) + 3. What is the remainder when 1/w + (-114)/(-4) is divided by 10?
8
Suppose 0 = -2*t + 3*t - 50. Calculate the remainder when t is divided by (-1)/3 - (-237)/9.
24
Calculate the remainder when 96/1 + (-36 - -40) is divided by 17.
15
Let m = 45 - 6. Calculate the remainder when (m - (-1 - 3))*1 is divided by 24 + (2 - (2 - -1)).
20
Let q = 1571 + -1484. Calculate the remainder when 342 is divided by q.
81
Let v = 29 - -9. Let i = 75 + -62. What is the remainder when v is divided by i?
12
Let n be (-93)/(-15) - 1/5. Let v = n + 29. Let x(c) = c**2 - 4*c + 4. Calculate the remainder when v is divided by x(5).
8
Let r(q) = 103*q**2 - 15*q + 2. What is the remainder when r(2) is divided by 91?
20
Suppose -6*s = -s - 20. Let b = 25 + -25. What is the remainder when -4 - -16 - (3 + b) is divided by s?
1
Suppose -131 = -14*d + 11*d + b, 0 = 2*b + 4. What is the remainder when d is divided by 10?
3
Let s(j) = -9*j + 5. Suppose -3*w + 5 = -2*w. Let h be s(w). Let m = 57 + h. What is the remainder when 32 is divided by m?
15
Suppose -5583 = 81*k - 30450. Calculate the remainder when k is divided by 44.
43
Let v(o) = -o**3 + 10*o**2 + o + 8. What is the remainder when 80 is divided by v(10)?
8
Let q(p) = 7*p**2 + 3*p + 2. Let h be q(-1). Let s = 25 - -4. What is the remainder when (1/h)/((-3)/9)*-168 is divided by s?
26
Suppose -17*b = 19*b - 792. Calculate the remainder when 482 is divided by b.
20
Suppose 0 = -3*m - c